it of g?
4
Let t be 1/(-1) + (1 - 0). Let b = 29 + -12. Suppose 5*q = -5*j - 5, t*q = -3*j + 2*q + b. What is the units digit of j?
3
Let x(k) = -21 - 19 + 4*k**2 + 35 + 3*k + 0*k. Let q = -2 + 4. What is the tens digit of x(q)?
1
Let b(a) = 3*a**2 + 9*a - 2. Let c = -18 + 11. Let y be b(c). Let z = y - 53. What is the units digit of z?
9
Suppose -2*v + 407 + 167 = 0. Suppose 5*q = 2*q - 4*o + 317, 0 = 3*q - 2*o - v. What is the units digit of q?
9
Suppose -5*o + 85 = -3*r - 2*r, -4*r - 3*o - 96 = 0. Let n = r + 46. What is the units digit of n?
5
Let i = -338 + 2292. What is the tens digit of i?
5
What is the tens digit of 1707 + 3 + 0 + 1?
1
Let i be (9/3)/3*4. Suppose 14 = 5*b + i. What is the units digit of (2 + 22)*b/4?
2
Let w(d) be the third derivative of d**6/20 + d**5/60 + d**4/12 - 7*d**2. What is the tens digit of w(2)?
5
Let x(w) be the first derivative of 2*w**3/3 + 9*w**2/2 - w + 6. Let f be x(-5). Suppose f*n - 23 = 17. What is the units digit of n?
0
Suppose 2*l - 123 = 7*l + 2*h, -4*l - 4*h = 96. Let v = 0 - l. What is the tens digit of v?
2
Suppose 31*a + 92*a = 125214. What is the units digit of a?
8
Let q(o) = 5*o + 10. Let g(d) = -4*d - 11. Let f(b) = 6*g(b) + 7*q(b). Suppose -2*h - 3*m = -15, -5*m = -21*h + 19*h - 9. What is the tens digit of f(h)?
3
Let q be (6/(-18))/(4/(-24)). What is the tens digit of q - (-264 - (0 - 0))?
6
What is the units digit of 30/(-6)*396/(-20)?
9
Let m(b) = -b**3 - b**2 + b + 32. Let s(w) = w + 10. Let p be s(-10). Let q be m(p). Suppose 3*h = 4*h - q. What is the tens digit of h?
3
Let r(p) = p + 14. Let a be ((-9)/3 - -3)/(-3). Suppose -5*q - 2*f = 24 + 38, -4*q - 3*f - 51 = a. What is the units digit of r(q)?
2
Let s be 0 + 1 + -1 - 0. Suppose s = 4*b - 33 - 79. Suppose 2*f + 3 = -3, 0 = 2*q + 4*f - b. What is the tens digit of q?
2
Suppose 2*s - 51 = 67. Suppose 5*f - 3*f + a = s, 0 = 5*f - a - 137. What is the units digit of f?
8
Suppose 18 = 5*m - 4*w - 12, 0 = 2*w + 10. Suppose g - 12 = 4*d, m*g - 4*d - 12 = -2*g. Suppose 2*h - 42 - 46 = g. What is the tens digit of h?
4
Let s = 49 + -24. Let b = s + -25. Let h = 8 + b. What is the units digit of h?
8
Suppose v - 770 = -0*k - k, 2*v - 2*k - 1552 = 0. What is the tens digit of v?
7
Let v = 5426 - -64. What is the tens digit of v?
9
Suppose -3*r + 15 = -3*f, 2*r + r - 3 = 0. Let g be (-3)/(-12) - 405/20. Let z = f - g. What is the units digit of z?
6
Suppose 0 = -2*d + z + 807, 7*z = -4*d + 2*z + 1593. Suppose -5*m + 468 = -d. What is the hundreds digit of m?
1
Suppose 4*x + 4124 = 4*d, 5*d - 10*d + 5143 = x. What is the units digit of d?
9
Let i(s) = -s**2 + 15*s - 16. Let x be i(16). Let w = 30 - x. What is the tens digit of w?
6
Suppose 0 = -3*l - 4*h + 6804, 2*h = 2*l - 3*h - 4559. What is the units digit of l?
2
Let o(f) = -f**3 - 3 + 2*f**3 + 3 + 4*f**2 - 4*f + 3. Suppose 2*b = 5*r - 10, -r + 3*b - 4 = -3*r. What is the units digit of o(r)?
9
Suppose -d = -2 - 4. Let m = d + 31. What is the tens digit of m?
3
Suppose 7 = -7*p + 28. Suppose -p*x + 316 = -77. What is the hundreds digit of x?
1
Suppose -3*o + 90 + 30 = 0. Suppose -o*y + 288 = -36*y. What is the tens digit of y?
7
Let r = 68 - 25. Let v = 63 - r. What is the units digit of v?
0
Suppose -46 = 7*y - 9*y. Suppose 4*i = -15 + y. What is the tens digit of (i + 2 - 7)*-8?
2
Let s be 0/((-3)/(15/10)). Suppose 5*i - 244 + 24 = s. What is the units digit of i?
4
Let x(z) = z + 1. Let n be x(3). Suppose 5*k - 31 = 4*o, 5 = -3*k - n*o - 2. Suppose 0 = k*v + 2*v - 70. What is the units digit of v?
4
Let w(j) = 111*j - 2. Let v be w(1). Suppose 0 = 3*h + v - 367. What is the tens digit of h?
8
Suppose 0 = 3*k + g - 49, -g - 41 = -2*k - 0*g. Let p(r) = r**2 - 18*r + 42. What is the units digit of p(k)?
2
Suppose 0 = 54*y - 35069 + 10607. What is the tens digit of y?
5
Suppose -37 = -d - 2*v, 3*d - 5*v = -2*v + 66. Suppose 133 + d = 5*i. What is the units digit of i?
2
Let i = -713 - -1473. What is the tens digit of i?
6
Suppose 2*d - 12 = -0*d. Suppose -2*i = -d*p + 7*p - 532, 0 = -p - 2. What is the units digit of i?
7
Let o(x) = 40 + 40 - 87 - 15*x. Let r = 8 - 13. What is the units digit of o(r)?
8
Let g(t) = 51*t - 158. What is the units digit of g(41)?
3
Let n be 15 - (1 - 0) - (3 - 3). Let h(t) = t**3 - 13*t**2 - 9*t + 30. What is the hundreds digit of h(n)?
1
Suppose -34 = p - 37. Suppose 36 + 348 = p*d. What is the hundreds digit of d?
1
Suppose -13313 - 2317 = -6*t. What is the thousands digit of t?
2
Suppose -3*g = 4*l - 12654, 0 = -68*l + 71*l - g - 9497. What is the thousands digit of l?
3
Suppose 3*q + 2*s = 7963, 5*q - 2*s - 7991 = 5286. What is the thousands digit of q?
2
Let c = -1467 - -2221. What is the hundreds digit of c?
7
Suppose -4*w - 5*c = 15, -3*w + c + 3 = -0*c. Suppose w = k - 15 - 29. Suppose 3*h + 5*y - 68 = -h, 2*h + 5*y = k. What is the tens digit of h?
1
Let f(w) = w**2 + 3*w + 2. Let s be f(-3). Suppose l - 108 = -s*l. What is the tens digit of (-12)/(1 - -3) + l?
3
Suppose a = -0*a - s + 8, -4*s - 32 = -4*a. Suppose a*x - 10 - 62 = 0. What is the units digit of x?
9
Let h = -2162 + 3675. What is the units digit of h?
3
Let w(s) = 54*s**2 - 19*s - 87. What is the units digit of w(-4)?
3
Let w(v) = 5*v**3 + v**2 + 2*v - 3. Let f be w(3). Let r = f - -19. Suppose -5*c - 66 = -r. What is the tens digit of c?
2
What is the hundreds digit of ((-2)/6)/((-20)/150960)?
5
Let d(y) be the first derivative of -39*y**2/2 + 2*y - 13. What is the units digit of d(-1)?
1
Let z(m) = 241*m**2 + 16*m - 24. What is the units digit of z(2)?
2
Let m(n) be the third derivative of 0 - 6*n**2 + 3/20*n**5 + 0*n + 1/6*n**3 + 5/24*n**4 + 1/120*n**6. What is the units digit of m(-7)?
4
What is the units digit of (-5 - -5) + 6/3*163?
6
Let s be (136/10)/(2/20). Suppose 3*g = s + 17. What is the tens digit of g?
5
Let z(a) = a - 1. Let r be -3*(-5 - (-7 - -3)). Suppose -4*s + r*h + 72 = 14, -h + 11 = s. What is the units digit of z(s)?
2
Let h(i) = i**3 + 19*i**2 + 16*i - 32. Let n be h(-18). Suppose 448 = 4*m - 4*b, n*m + 3*b - 457 = 4*b. What is the units digit of m?
5
Let m(s) = -2*s**3 - 8*s - 11. What is the units digit of m(-3)?
7
Let j(m) = -m + 4. Let c be 7*(0 + 1) - 3. Let a be j(c). Suppose 2*u = -3*d - d + 24, a = 4*u - 4*d - 36. What is the tens digit of u?
1
Let k be (4 - -5)*(-2)/3. Let w be ((-8)/(-5))/(k/(-555)). What is the units digit of ((-5)/(-10))/(2/w)?
7
Let n = 63 - 34. Let l = 146 + n. What is the hundreds digit of l?
1
Suppose -11 = h - 14. Suppose 276 = 2*g + 5*x, g = h*x - 0*x + 160. What is the hundreds digit of g?
1
Let t be (-235)/2*(-14)/(-70)*-4. Let r(f) = 2*f - 3. Let q be r(3). Suppose c - q*c + t = 0. What is the units digit of c?
7
Suppose 5*s = -4*q + 37 + 602, -2*q = s - 129. What is the tens digit of s?
2
Let q be (-22)/(-55) + 26/10. Let d = 23 + -23. Let k = d + q. What is the units digit of k?
3
Let l(g) be the second derivative of -g**5/20 - g**4/2 + 2*g**3/3 + 5*g**2 + 6*g. What is the units digit of l(-8)?
6
Let x(z) = -z**3 - 10*z**2 - 7*z + 6. Suppose -5*p - 4*v + 6*v - 41 = 0, 3*p - 5*v = -17. Let n be x(p). What is the units digit of 14/8 + (-3)/n?
2
Suppose -5*t + 2*f + 44 = 0, -t = 4*f - 0*f. Suppose -483 = k - t*k. What is the tens digit of k?
6
Let j(o) = -o**2 + 2*o - 5. Let g be j(0). Let r be g + -2*(-9)/(-6). What is the tens digit of ((-6)/r)/(4/96)?
1
Let b be 1 - 1 - (-6 + 3). Suppose 4*t - 54 = -b*q, q - 5*q = -4*t + 40. What is the units digit of (-24*(-16)/t)/1?
2
Suppose 3*a + 78 = -9. What is the tens digit of ((-2)/(-2) - a/(-5))*-5?
2
What is the tens digit of 315 + 0/(2 - 1)?
1
Suppose 0*w = 6*w. Suppose -164 = -2*k - 4*s, -4*k + k + 5*s + 268 = w. Let f = k + -36. What is the tens digit of f?
5
Let f = -14 - -16. What is the units digit of (-42 + 1 + 0)/(f - 3)?
1
Let o = 78 + -128. What is the units digit of (0 - o) + (-28)/(-14)?
2
Let d = 7274 - 2361. What is the tens digit of d?
1
Suppose 5*g = 5*z + 1042 + 2038, 622 = g + 5*z. What is the units digit of g?
7
Let z be (-10)/(-4)*(-114)/(-15). Let v be 2/7 + z/7. What is the tens digit of 1 - v/(6/(-58))?
3
Let n(h) = -h**3 - h + 3. Let q be n(0). Let o(k) = -q*k**2 - 8*k - 8 + k + 11*k**2 - k**3 + 0*k**2. What is the tens digit of o(6)?
2
Let k(l) =